{"id":1664,"date":"2024-03-18T19:40:47","date_gmt":"2024-03-18T18:40:47","guid":{"rendered":"https:\/\/qa.garage71.cl\/sustainable\/?page_id=1664"},"modified":"2024-12-04T21:20:07","modified_gmt":"2024-12-04T20:20:07","slug":"area-verde","status":"publish","type":"page","link":"https:\/\/qa.garage71.cl\/sustainable\/areas-del-codigo\/area-verde\/","title":{"rendered":"\u00c1rea Verde"},"content":{"rendered":"<nav class=\"wp-block-navigation is-layout-flex wp-block-navigation-is-layout-flex\" aria-label=\"Navegaci\u00f3n\"><ul class=\"wp-block-navigation__container  wp-block-navigation\"><li class=\" wp-block-navigation-item wp-block-navigation-link\"><a class=\"wp-block-navigation-item__content\"  href=\"https:\/\/www.sustainable.cl\/areas-del-codigo\/area-verde\/\"><span class=\"wp-block-navigation-item__label\">\u00c1rea Verde<\/span><\/a><\/li><li class=\" wp-block-navigation-item wp-block-navigation-link\"><a class=\"wp-block-navigation-item__content\"  href=\"https:\/\/www.sustainable.cl\/areas-del-codigo\/area-roja\/\"><span class=\"wp-block-navigation-item__label\">\u00c1rea Roja<\/span><\/a><\/li><li class=\" wp-block-navigation-item wp-block-navigation-link\"><a class=\"wp-block-navigation-item__content\"  href=\"https:\/\/www.sustainable.cl\/areas-del-codigo\/area-naranja\/\"><span class=\"wp-block-navigation-item__label\">\u00c1rea Naranja<\/span><\/a><\/li><li class=\" wp-block-navigation-item wp-block-navigation-link\"><a class=\"wp-block-navigation-item__content\"  href=\"https:\/\/www.sustainable.cl\/areas-del-codigo\/area-morada\/\"><span class=\"wp-block-navigation-item__label\">\u00c1rea Morada<\/span><\/a><\/li><\/ul><\/nav>\n\n\n<div class=\"wp-block-columns is-layout-flex wp-container-core-columns-layout-1 wp-block-columns-is-layout-flex\">\n<div class=\"wp-block-column is-layout-flow wp-block-column-is-layout-flow\" style=\"flex-basis:33.33%\">\n<figure class=\"wp-block-image size-full marco\"><img loading=\"lazy\" decoding=\"async\" width=\"348\" height=\"400\" src=\"https:\/\/qa.garage71.cl\/sustainable\/wp-content\/uploads\/2024\/03\/Mask-group.jpg\" alt=\"\" class=\"wp-image-1683\" srcset=\"https:\/\/qa.garage71.cl\/sustainable\/wp-content\/uploads\/2024\/03\/Mask-group.jpg 348w, https:\/\/qa.garage71.cl\/sustainable\/wp-content\/uploads\/2024\/03\/Mask-group-261x300.jpg 261w\" sizes=\"(max-width: 348px) 100vw, 348px\" \/><\/figure>\n<\/div>\n\n\n\n<div class=\"wp-block-column cabecera is-layout-flow wp-block-column-is-layout-flow\" style=\"flex-basis:66.66%\">\n<h2 class=\"wp-block-heading\">Vi\u00f1edo<\/h2>\n\n\n\n<p>Considera todo lo relacionado en el manejo del vi\u00f1edo, incluyendo condiciones adecuadas y seguras para los trabajadores.&nbsp; <\/p>\n\n\n\n<p>Esta \u00e1rea est\u00e1 dividida en dos secciones con sus respectivos cap\u00edtulos:<\/p>\n<\/div>\n<\/div>\n","protected":false},"excerpt":{"rendered":"<p>Vi\u00f1edo Considera todo lo relacionado en el manejo del vi\u00f1edo, incluyendo condiciones adecuadas y seguras para los trabajadores.&nbsp; Esta \u00e1rea est\u00e1 dividida en dos secciones con sus respectivos cap\u00edtulos:<\/p>\n","protected":false},"author":1,"featured_media":0,"parent":1329,"menu_order":0,"comment_status":"closed","ping_status":"closed","template":"page-areas.php","meta":{"_acf_changed":false,"inline_featured_image":false,"footnotes":""},"acf":[],"_links":{"self":[{"href":"https:\/\/qa.garage71.cl\/sustainable\/wp-json\/wp\/v2\/pages\/1664"}],"collection":[{"href":"https:\/\/qa.garage71.cl\/sustainable\/wp-json\/wp\/v2\/pages"}],"about":[{"href":"https:\/\/qa.garage71.cl\/sustainable\/wp-json\/wp\/v2\/types\/page"}],"author":[{"embeddable":true,"href":"https:\/\/qa.garage71.cl\/sustainable\/wp-json\/wp\/v2\/users\/1"}],"replies":[{"embeddable":true,"href":"https:\/\/qa.garage71.cl\/sustainable\/wp-json\/wp\/v2\/comments?post=1664"}],"version-history":[{"count":15,"href":"https:\/\/qa.garage71.cl\/sustainable\/wp-json\/wp\/v2\/pages\/1664\/revisions"}],"predecessor-version":[{"id":2123,"href":"https:\/\/qa.garage71.cl\/sustainable\/wp-json\/wp\/v2\/pages\/1664\/revisions\/2123"}],"up":[{"embeddable":true,"href":"https:\/\/qa.garage71.cl\/sustainable\/wp-json\/wp\/v2\/pages\/1329"}],"wp:attachment":[{"href":"https:\/\/qa.garage71.cl\/sustainable\/wp-json\/wp\/v2\/media?parent=1664"}],"curies":[{"name":"wp","href":"https:\/\/api.w.org\/{rel}","templated":true}]}}